{"id":465,"date":"2023-12-22T17:30:55","date_gmt":"2023-12-22T17:30:55","guid":{"rendered":"https:\/\/drperoccospine.com.br\/?page_id=465"},"modified":"2023-12-22T18:13:15","modified_gmt":"2023-12-22T18:13:15","slug":"cirurgia-minimamente-invasiva-na-coluna-favorece-a-recuperacao-rapida-de-atletas","status":"publish","type":"page","link":"https:\/\/drperoccospine.com.br\/index.php\/imprensa\/cirurgia-minimamente-invasiva-na-coluna-favorece-a-recuperacao-rapida-de-atletas\/","title":{"rendered":"CIRURGIA MINIMAMENTE INVASIVA NA COLUNA FAVORECE A RECUPERA\u00c7\u00c3O R\u00c1PIDA DE ATLETAS"},"content":{"rendered":"<div data-colibri-id=\"465-c1\" class=\"style-326 style-local-465-c1 position-relative\">\n  <!---->\n  <div data-colibri-component=\"section\" data-colibri-id=\"465-c2\" id=\"custom\" class=\"h-section h-section-global-spacing d-flex align-items-lg-center align-items-md-center align-items-center style-327 style-local-465-c2 position-relative\">\n    <!---->\n    <!---->\n    <div class=\"h-section-grid-container h-section-boxed-container\">\n      <!---->\n      <div data-colibri-id=\"465-c3\" class=\"h-row-container gutters-row-lg-2 gutters-row-md-2 gutters-row-0 gutters-row-v-lg-2 gutters-row-v-md-2 gutters-row-v-2 style-328 style-local-465-c3 position-relative\">\n        <!---->\n        <div class=\"h-row justify-content-lg-center justify-content-md-center justify-content-center align-items-lg-stretch align-items-md-stretch align-items-stretch gutters-col-lg-2 gutters-col-md-2 gutters-col-0 gutters-col-v-lg-2 gutters-col-v-md-2 gutters-col-v-2\">\n          <!---->\n          <div class=\"h-column h-column-container d-flex h-col-lg-auto h-col-md-auto h-col-auto style-329-outer style-local-465-c4-outer\">\n            <div data-colibri-id=\"465-c4\" class=\"d-flex h-flex-basis h-column__inner h-px-lg-2 h-px-md-2 h-px-2 v-inner-lg-2 v-inner-md-2 v-inner-2 style-329 style-local-465-c4 position-relative\">\n              <!---->\n              <!---->\n              <div class=\"w-100 h-y-container h-column__content h-column__v-align flex-basis-100 align-self-lg-start align-self-md-start align-self-start\">\n                <!---->\n                <div data-colibri-id=\"465-c5\" class=\"h-text h-text-component style-330 style-local-465-c5 position-relative h-element\">\n                  <!---->\n                  <!---->\n                  <div class=\"\">\n                    <p>Literatura indica que 90% dos atletas submetidos a t\u00e9cnicas<\/p>\n                    <p>minimamente invasivas voltam as atividades normais logo ap\u00f3s a cirurgia<\/p>\n                  <\/div>\n                <\/div>\n              <\/div>\n            <\/div>\n          <\/div>\n        <\/div>\n      <\/div>\n    <\/div>\n  <\/div>\n  <div data-colibri-component=\"section\" data-colibri-id=\"465-c6\" id=\"custom-2\" class=\"h-section h-section-global-spacing d-flex align-items-lg-center align-items-md-center align-items-center style-331 style-local-465-c6 position-relative\">\n    <!---->\n    <!---->\n    <div class=\"h-section-grid-container h-section-boxed-container\">\n      <!---->\n      <div data-colibri-id=\"465-c7\" class=\"h-row-container gutters-row-lg-2 gutters-row-md-2 gutters-row-0 gutters-row-v-lg-2 gutters-row-v-md-2 gutters-row-v-2 style-332 style-local-465-c7 position-relative\">\n        <!---->\n        <div class=\"h-row justify-content-lg-center justify-content-md-center justify-content-center align-items-lg-stretch align-items-md-stretch align-items-stretch gutters-col-lg-2 gutters-col-md-2 gutters-col-0 gutters-col-v-lg-2 gutters-col-v-md-2 gutters-col-v-2\">\n          <!---->\n          <div class=\"h-column h-column-container d-flex h-col-lg-auto h-col-md-auto h-col-auto style-333-outer style-local-465-c8-outer\">\n            <div data-colibri-id=\"465-c8\" class=\"d-flex h-flex-basis h-column__inner h-px-lg-2 h-px-md-2 h-px-2 v-inner-lg-2 v-inner-md-2 v-inner-2 style-333 style-local-465-c8 position-relative\">\n              <!---->\n              <!---->\n              <div class=\"w-100 h-y-container h-column__content h-column__v-align flex-basis-100 align-self-lg-start align-self-md-start align-self-start\">\n                <!---->\n                <div data-colibri-id=\"465-c11\" class=\"h-text h-text-component style-336 style-local-465-c11 position-relative h-element\">\n                  <!---->\n                  <!---->\n                  <div class=\"\">\n                    <p>As t\u00e9cnicas minimamente invasivas de tratamento na coluna parecem ser a solu\u00e7\u00e3o para atletas que querem corrigir problemas no local, sem a diminui\u00e7\u00e3o do rendimento na pr\u00e1tica das atividades f\u00edsicas. Literaturas comparando as duas t\u00e9cnicas\n                      indicam que apenas 30% dos pacientes que passam por cirurgias convencionais voltam a praticar exerc\u00edcios regularmente, J\u00e1 nas cirurgias menos invasivas, esse n\u00famero sobe para 90%.<\/p>\n                    <p>Hoje se observa que atletas submetidos a essas t\u00e9cnicas tem uma r\u00e1pida recupera\u00e7\u00e3o p\u00f3s-operat\u00f3ria em casos de tratamentos pouco invasivos como: laser na coluna, cirurgias minimamente invasivas para h\u00e9rnia de disco e artroplastias para\n                      discopatias lombares e cervicais, conforme explica o Dr. Marcelo Perocco, neurocirurgi\u00e3o especialista em coluna e membro da Sociedade Brasileira de Neurocirurgia; \u201cEm uma cirurgia convencional de artrodese ou de fixa\u00e7\u00e3o na coluna,\n                      o paciente demoraria de dois a tr\u00eas anos para fazer o que fazia antes, se voltasse. Atualmente, os atletas, podem retornar as suas atividades esportivas em um prazo mais curto. Tenho pacientes que, 15 dias ap\u00f3s a inser\u00e7\u00e3o pr\u00f3tese\n                      de disco lombar j\u00e1 estavam retornando aos seus exerc\u00edcios normais&#8221;, argumenta. O especialista ainda esclarece que a artroplastia consiste na substitui\u00e7\u00e3o do disco lesionado por uma pr\u00f3tese articulada, que estabiliza a coluna e busca\n                      devolver ao paciente os movimentos e a mobilidade normal de antes. Esse \u00e9 o caso de Danilo Bonfim, de 44 anos. O atleta de Wakeboard foi diagnosticado com uma h\u00e9rnia de disco cervical. Bonfim tinha algumas crises de torcicolo e apenas\n                      fazia fisioterapia e tratamentos espor\u00e1dicos. Com o aumento das dores agudas, procurou a ajuda de um especialista. \u201cEu tinha dores muito fortes e vivia a base de analg\u00e9sicos. Precisei suspender as minhas atividades f\u00edsicas. Os m\u00e9dicos\n                      me diziam para n\u00e3o operar e me indicavam fisioterapia ou RPG\u201d, explica.&nbsp;<\/p>\n                    <p>Depois de diversas consultas m\u00e9dicas, tratamentos conservadores sem<\/p>\n                  <\/div>\n                <\/div>\n              <\/div>\n            <\/div>\n          <\/div>\n          <div class=\"h-column h-column-container d-flex h-col-lg-auto h-col-md-auto h-col-auto style-334-outer style-local-465-c9-outer\">\n            <div data-colibri-id=\"465-c9\" class=\"d-flex h-flex-basis h-column__inner h-px-lg-2 h-px-md-2 h-px-2 v-inner-lg-2 v-inner-md-2 v-inner-2 style-334 style-local-465-c9 position-relative\">\n              <!---->\n              <!---->\n              <div class=\"w-100 h-y-container h-column__content h-column__v-align flex-basis-100 align-self-lg-start align-self-md-start align-self-start\">\n                <!---->\n                <div data-colibri-id=\"465-c12\" class=\"h-text h-text-component style-337 style-local-465-c12 position-relative h-element\">\n                  <!---->\n                  <!---->\n                  <div class=\"\">\n                    <p>sucesso e crises agudas, Bonfim foi indicado para a cirurgia \u201cOperar a coluna \u00e9 sempre um impacto. Eu fiquei com medo das consequ\u00eancias\u201d, confessa. Bonfim realizou a cirurgia minimamente invasiva, e os resultados foram surpreendentes.\n                      \u201cUm m\u00eas depois da cirurgia eu j\u00e1 estava fazendo todas as atividades que eu realizava antes, e eu quis esperar um pouco mais. Quinze dias depois da opera\u00e7\u00e3o eu j\u00e1 estava liberado para voltar. Hoje, eu at\u00e9 esque\u00e7o que passei por um\n                      procedimento como esse\u201d , relata o atleta.<\/p>\n                    <p>Al\u00e9m da melhor recupera\u00e7\u00e3o, essas t\u00e9cnicas tamb\u00e9m garantem menor complica\u00e7\u00f5es p\u00f3s cir\u00fargicas, conforme explica o Dr. Perocco. \u201cAs t\u00e9cnicas minimamente invasivas tamb\u00e9m diminuem muito os casos de dor residual, limita\u00e7\u00e3o dos movimentos\n                      e at\u00e9 poss\u00edveis neurol\u00f3gicos tem incid\u00eancia muito menor neste tipo de procedimento\u201d, detalha.<\/p>\n                    <p>A aus\u00eancia de dor residual \u00e9 outro ponto percebido por Murilo Bonfim. \u201cEu entrei na cirurgia com uma crise de dor. Acordei da cirurgia sem dor nenhuma e nunca mais precisei tomar um analg\u00e9sico para isso. Tamb\u00e9m nunca mais senti dor\n                      na coluna praticando exerc\u00edcio f\u00edsico\u201d, conclui.<\/p>\n                    <p>Outro paciente que estava em d\u00favida pelo procedimento foi o S\u00e9rgio. Ele trabalha como despachante, por\u00e9m o seu maior hobby \u00e9 paix\u00e3o por motociclismo, que o acompanha h\u00e1 muitos anos. A maior ansiedade do paciente era que ap\u00f3s a cirurgia\n                      ele precisasse deixar de fazer o que mais ama. Durante a consulta, foi verificado que para o caso de S\u00e9rgio, era poss\u00edvel optar pelo procedimento minimamente invasivo. \u201cEu realmente n\u00e3o esperava por um resultado t\u00e3o r\u00e1pido no p\u00f3s-cir\u00fargico.\n                      O cirurgi\u00e3o autorizou que eu voltasse rapidamente para as minhas atividades di\u00e1rias e ao trabalho. Logo um m\u00eas depois do procedimento eu realizei um sonho, viajar por mais de 3.500 km at\u00e9 o Chile e conhecer o Deserto do atacama,\n                      e tudo isso a bordo de minha moto\u201d, conta S\u00e9rgio.<\/p>\n                  <\/div>\n                <\/div>\n              <\/div>\n            <\/div>\n          <\/div>\n          <div class=\"h-column h-column-container d-flex h-col-lg-auto h-col-md-auto h-col-auto style-335-outer style-local-465-c10-outer\">\n            <div data-colibri-id=\"465-c10\" class=\"d-flex h-flex-basis h-column__inner h-px-lg-2 h-px-md-2 h-px-2 v-inner-lg-2 v-inner-md-2 v-inner-2 style-335 style-local-465-c10 position-relative\">\n              <!---->\n              <!---->\n              <div class=\"w-100 h-y-container h-column__content h-column__v-align flex-basis-100 align-self-lg-start align-self-md-start align-self-start\">\n                <!---->\n                <div data-colibri-id=\"465-c19\" class=\"d-block style-344 style-local-465-c19 position-relative h-element\">\n                  <!---->\n                  <div class=\"h-image__frame-container-outer\">\n                    <div class=\"h-image__frame-container\">\n                      <!---->\n                      <!---->\n                      <img fetchpriority=\"high\" decoding=\"async\" width=\"549\" height=\"2560\" src=\"https:\/\/drperoccospine.com.br\/wp-content\/uploads\/2023\/12\/banner4-scaled.jpg\" class=\"wp-image-475 style-344-image style-local-465-c19-image\" alt=\"\" srcset=\"https:\/\/drperoccospine.com.br\/wp-content\/uploads\/2023\/12\/banner4-scaled.jpg 549w, https:\/\/drperoccospine.com.br\/wp-content\/uploads\/2023\/12\/banner4-439x2048.jpg 439w\" sizes=\"(max-width: 549px) 100vw, 549px\" \/>\n                      <div class=\"h-image__frame h-hide-lg h-hide-md h-hide-sm style-344-frameImage style-local-465-c19-frameImage\"><\/div>\n                    <\/div>\n                  <\/div>\n                <\/div>\n                <div data-colibri-id=\"465-c20\" class=\"h-text h-text-component style-345 style-local-465-c20 position-relative h-element\">\n                  <!---->\n                  <!---->\n                  <div class=\"\">\n                    <p>Imagem: Adobe Stock<\/p>\n                  <\/div>\n                <\/div>\n              <\/div>\n            <\/div>\n          <\/div>\n        <\/div>\n      <\/div>\n    <\/div>\n  <\/div>\n  <div data-colibri-component=\"section\" data-colibri-id=\"465-c14\" id=\"custom-3\" class=\"h-section h-section-global-spacing d-flex align-items-lg-center align-items-md-center align-items-center style-339 style-local-465-c14 position-relative\">\n    <!---->\n    <!---->\n    <div class=\"h-section-grid-container h-section-boxed-container\">\n      <!---->\n      <div data-colibri-id=\"465-c15\" class=\"h-row-container gutters-row-lg-2 gutters-row-md-2 gutters-row-0 gutters-row-v-lg-2 gutters-row-v-md-2 gutters-row-v-2 style-340 style-local-465-c15 position-relative\">\n        <!---->\n        <div class=\"h-row justify-content-lg-center justify-content-md-center justify-content-center align-items-lg-stretch align-items-md-stretch align-items-stretch gutters-col-lg-2 gutters-col-md-2 gutters-col-0 gutters-col-v-lg-2 gutters-col-v-md-2 gutters-col-v-2\">\n          <!---->\n          <div class=\"h-column h-column-container d-flex h-col-lg-auto h-col-md-auto h-col-auto style-341-outer style-local-465-c16-outer\">\n            <div data-colibri-id=\"465-c16\" class=\"d-flex h-flex-basis h-column__inner h-ui-empty-state-container h-px-lg-2 h-px-md-2 h-px-2 v-inner-lg-2 v-inner-md-2 v-inner-2 style-341 style-local-465-c16 position-relative\">\n              <!---->\n              <!---->\n              <div class=\"w-100 h-y-container h-column__content h-column__v-align flex-basis-100\">\n                <!---->\n              <\/div>\n            <\/div>\n          <\/div>\n        <\/div>\n      <\/div>\n    <\/div>\n  <\/div>\n<\/div>","protected":false},"excerpt":{"rendered":"<p>Literatura indica que 90% dos atletas submetidos a t\u00e9cnicas minimamente invasivas voltam as atividades normais logo ap\u00f3s a cirurgia As t\u00e9cnicas minimamente invasivas de tratamento na coluna parecem ser a solu\u00e7\u00e3o para atletas que querem corrigir problemas no local, sem a diminui\u00e7\u00e3o do rendimento na pr\u00e1tica das atividades f\u00edsicas. Literaturas comparando as duas t\u00e9cnicas indicam [&hellip;]<\/p>\n","protected":false},"author":1,"featured_media":0,"parent":340,"menu_order":0,"comment_status":"closed","ping_status":"closed","template":"page-templates\/full-width-page.php","meta":{"footnotes":""},"class_list":["post-465","page","type-page","status-publish","hentry"],"_links":{"self":[{"href":"https:\/\/drperoccospine.com.br\/index.php\/wp-json\/wp\/v2\/pages\/465"}],"collection":[{"href":"https:\/\/drperoccospine.com.br\/index.php\/wp-json\/wp\/v2\/pages"}],"about":[{"href":"https:\/\/drperoccospine.com.br\/index.php\/wp-json\/wp\/v2\/types\/page"}],"author":[{"embeddable":true,"href":"https:\/\/drperoccospine.com.br\/index.php\/wp-json\/wp\/v2\/users\/1"}],"replies":[{"embeddable":true,"href":"https:\/\/drperoccospine.com.br\/index.php\/wp-json\/wp\/v2\/comments?post=465"}],"version-history":[{"count":2,"href":"https:\/\/drperoccospine.com.br\/index.php\/wp-json\/wp\/v2\/pages\/465\/revisions"}],"predecessor-version":[{"id":477,"href":"https:\/\/drperoccospine.com.br\/index.php\/wp-json\/wp\/v2\/pages\/465\/revisions\/477"}],"up":[{"embeddable":true,"href":"https:\/\/drperoccospine.com.br\/index.php\/wp-json\/wp\/v2\/pages\/340"}],"wp:attachment":[{"href":"https:\/\/drperoccospine.com.br\/index.php\/wp-json\/wp\/v2\/media?parent=465"}],"curies":[{"name":"wp","href":"https:\/\/api.w.org\/{rel}","templated":true}]}}