{"id":432,"date":"2023-12-22T15:31:18","date_gmt":"2023-12-22T15:31:18","guid":{"rendered":"https:\/\/drperoccospine.com.br\/?page_id=432"},"modified":"2023-12-22T18:16:43","modified_gmt":"2023-12-22T18:16:43","slug":"descompressao-do-sistema-nervoso-e-substituicao-de-disco-intervertebral","status":"publish","type":"page","link":"https:\/\/drperoccospine.com.br\/index.php\/imprensa\/descompressao-do-sistema-nervoso-e-substituicao-de-disco-intervertebral\/","title":{"rendered":"DESCOMPRESS\u00c3O DO SISTEMA NERVOSO E SUBSTITUI\u00c7\u00c3O DE DISCO INTERVERTEBRAL"},"content":{"rendered":"<div data-colibri-id=\"432-c1\" class=\"style-291 style-local-432-c1 position-relative\">\n  <!---->\n  <div data-colibri-component=\"section\" data-colibri-id=\"432-c10\" id=\"custom-2\" class=\"h-section h-section-global-spacing d-flex align-items-lg-center align-items-md-center align-items-center style-300 style-local-432-c10 position-relative\">\n    <!---->\n    <!---->\n    <div class=\"h-section-grid-container h-section-boxed-container\">\n      <!---->\n      <div data-colibri-id=\"432-c13\" class=\"h-row-container gutters-row-lg-2 gutters-row-md-2 gutters-row-0 gutters-row-v-lg-2 gutters-row-v-md-2 gutters-row-v-2 style-303 style-local-432-c13 position-relative\">\n        <!---->\n        <div class=\"h-row justify-content-lg-center justify-content-md-center justify-content-center align-items-lg-stretch align-items-md-stretch align-items-stretch gutters-col-lg-2 gutters-col-md-2 gutters-col-0 gutters-col-v-lg-2 gutters-col-v-md-2 gutters-col-v-2\">\n          <!---->\n          <div class=\"h-column h-column-container d-flex h-col-lg-auto h-col-md-auto h-col-auto style-304-outer style-local-432-c14-outer\">\n            <div data-colibri-id=\"432-c14\" class=\"d-flex h-flex-basis h-column__inner h-px-lg-2 h-px-md-2 h-px-2 v-inner-lg-2 v-inner-md-2 v-inner-2 style-304 style-local-432-c14 position-relative\">\n              <!---->\n              <!---->\n              <div class=\"w-100 h-y-container h-column__content h-column__v-align flex-basis-100 align-self-lg-start align-self-md-start align-self-start\">\n                <!---->\n                <div data-colibri-id=\"432-c15\" class=\"h-text h-text-component style-305 style-local-432-c15 position-relative h-element\">\n                  <!---->\n                  <!---->\n                  <div class=\"\">\n                    <p>S\u00c3O TIPOS DE CIRURGIAS REVOLUCION\u00c1RIAS<\/p>\n                  <\/div>\n                <\/div>\n                <div data-colibri-id=\"432-c18\" class=\"h-text h-text-component style-308 style-local-432-c18 position-relative h-element\">\n                  <!---->\n                  <!---->\n                  <div class=\"\">\n                    <p>&#8220;Eu estava pedindo para morrer, pois n\u00e3o aguentava mais a dor&#8221;<\/p>\n                  <\/div>\n                <\/div>\n                <div data-colibri-id=\"432-c22\" class=\"h-text h-text-component style-312 style-local-432-c22 position-relative h-element\">\n                  <!---->\n                  <!---->\n                  <div class=\"\">\n                    <p>declara paciente com h\u00e9rnia de disco na lombar antes de se submeter a cirurgia<\/p>\n                  <\/div>\n                <\/div>\n              <\/div>\n            <\/div>\n          <\/div>\n        <\/div>\n      <\/div>\n    <\/div>\n  <\/div>\n  <div data-colibri-component=\"section\" data-colibri-id=\"432-c23\" id=\"custom-4\" class=\"h-section h-section-global-spacing d-flex align-items-lg-center align-items-md-center align-items-center style-313 style-local-432-c23 position-relative\">\n    <!---->\n    <!---->\n    <div class=\"h-section-grid-container h-section-boxed-container\">\n      <!---->\n      <div data-colibri-id=\"432-c24\" class=\"h-row-container gutters-row-lg-2 gutters-row-md-2 gutters-row-0 gutters-row-v-lg-2 gutters-row-v-md-2 gutters-row-v-2 style-314 style-local-432-c24 position-relative\">\n        <!---->\n        <div class=\"h-row justify-content-lg-center justify-content-md-center justify-content-center align-items-lg-stretch align-items-md-stretch align-items-stretch gutters-col-lg-2 gutters-col-md-2 gutters-col-0 gutters-col-v-lg-2 gutters-col-v-md-2 gutters-col-v-2\">\n          <!---->\n          <div class=\"h-column h-column-container d-flex h-col-lg-auto h-col-md-auto h-col-auto style-315-outer style-local-432-c25-outer\">\n            <div data-colibri-id=\"432-c25\" class=\"d-flex h-flex-basis h-column__inner h-px-lg-2 h-px-md-2 h-px-2 v-inner-lg-2 v-inner-md-2 v-inner-2 style-315 style-local-432-c25 position-relative\">\n              <!---->\n              <!---->\n              <div class=\"w-100 h-y-container h-column__content h-column__v-align flex-basis-100 align-self-lg-start align-self-md-start align-self-start\">\n                <!---->\n                <div data-colibri-id=\"432-c28\" class=\"h-text h-text-component style-318 style-local-432-c28 position-relative h-element\">\n                  <!---->\n                  <!---->\n                  <div class=\"\">\n                    <p>Doen\u00e7as cr\u00f4nicas na coluna cervical s\u00e3o as mais comuns no Brasil. Segundo dados da Organiza\u00e7\u00e3o Mundial de Sa\u00fade (OMS), 85% da popula\u00e7\u00e3o mundial sofre com dores na coluna. H\u00e1 diversas doen\u00e7as que podem acometer a coluna cervical, provocando\n                      compress\u00f5es das estruturas nervosas e consequ\u00eancias, como dores intensas que muitas vezes irradiam para os membros, formigamento, dificuldade para realizar movimentos, entre outros sintomas.<\/p>\n                    <p>Um dos casos mais comuns \u00e9 a h\u00e9rnia de disco na lombar. A coluna lombar \u00e9 uma estrutura complexa que conecta a parte superior do corpo \u00e0 parte inferior atrav\u00e9s da coluna vertebral. \u00c9 uma regi\u00e3o que suporta a maior carga entre as v\u00e9rtebras,\n                      por isso \u00e9 o segmento mais acometido de toda a coluna vertebral.<\/p>\n                    <p>Normalmente, o tratamento mais indicado para a h\u00e9rnia de disco lombar s\u00e3o repouso e fisioterapia, mas em alguns casos \u00e9 necess\u00e1rio o procedimento cir\u00fargico. Foi o que aconteceu com o empres\u00e1rio Hugo Matos. Diagnosticado h\u00e1 quatro anos\n                      com h\u00e9rnia de disco na regi\u00e3o lombar, ele fez o tratamento com fisioterapia, fortalecimento e ap\u00f3s a recupera\u00e7\u00e3o da primeira crise voltou a ter uma vida mais ativa e, em alguns anos, j\u00e1 tinha retomado todas as atividades f\u00edsicas\n                      que gostava de praticar. Por\u00e9m dentro do quadro cl\u00ednico dele, a h\u00e9rnia ao inv\u00e9s de se estabelecer e estar se curando, foi aumentando de tamanho enquanto ele n\u00e3o sentia mais dor e, em 2019 Hugo teve uma crise severa que o deixou internado\n                      por dois dias com dores t\u00e3o fortes que irradiavam com uma descarga de choque nos nervos da perna. Matos n\u00e3o queria operar por medo da cirurgia e de perder a mobilidade, mas quando se viu que ele classifica como um dor al\u00e9m do insuport\u00e1vel,\n                      optou por operar a coluna. &#8220;Era uma dor que eu n\u00e3o conseguia classificar de zero a dez,&nbsp;<\/p>\n                    <p>\n                      <br>\n                    <\/p>\n                  <\/div>\n                <\/div>\n              <\/div>\n            <\/div>\n          <\/div>\n          <div class=\"h-column h-column-container d-flex h-col-lg-auto h-col-md-auto h-col-auto style-316-outer style-local-432-c26-outer\">\n            <div data-colibri-id=\"432-c26\" class=\"d-flex h-flex-basis h-column__inner h-px-lg-2 h-px-md-2 h-px-2 v-inner-lg-2 v-inner-md-2 v-inner-2 style-316 style-local-432-c26 position-relative\">\n              <!---->\n              <!---->\n              <div class=\"w-100 h-y-container h-column__content h-column__v-align flex-basis-100 align-self-lg-start align-self-md-start align-self-start\">\n                <!---->\n                <div data-colibri-id=\"432-c30\" class=\"h-text h-text-component style-320 style-local-432-c30 position-relative h-element\">\n                  <!---->\n                  <!---->\n                  <div class=\"\">\n                    <p><span style=\"font-weight: 400; font-size: 21px; font-family: &quot;Open Sans&quot;; color: rgb(70, 112, 127);\">era alucinante, totalmente desu-mano. Naquele n\u00edvel de dor eu&nbsp;<\/span>falava para os enfermeiros que eu s\u00f3 queria que\n                      eles me dessem algo para desmaiar, eu estava pedindo para morrer, eu n\u00e3o aguentava mais a dor&#8221;, conta.<\/p>\n                    <p>A resist\u00eancia dos pacientes em fazer a cirurgia, muitas vezes, faz com que eles tenham uma piora gradativa da doen\u00e7a. Com as atualiza\u00e7\u00f5es m\u00e9dicas, as cirurgias hoje n\u00e3o s\u00e3o t\u00e3o invasivas e devolvem ao paciente sua total mobilidade,\n                      como explica Dr. Marcelo Perocco, neurocirurgi\u00e3o especialista em coluna. &#8220;Os m\u00e9todos de descompress\u00e3o da estrutura nervosa e a substitui\u00e7\u00e3o de disco cervical por um disco artificial oferecem diversos benef\u00edcios para o paciente, como\n                      uma recupera\u00e7\u00e3o mais \u00e1gil e garantia de uma vida sem restri\u00e7\u00f5es de mobilidade&#8221;. De acordo com o especialista, &#8220;essa \u00faltima abordagem consiste em uma t\u00e9cnica moderna que preserva o movimento e apresenta resultados muito bons. O objetivo\n                      \u00e9 aliviar a press\u00e3o sobre os nervos e\/ou da medula espinhal e restabelecer a estabilidade e o alinhamento da coluna vertebral ap\u00f3s o disco danificado ter sido removido, preservando os movimentos habituais da coluna.&#8221;<\/p>\n                    <p>Esse foi o tipo de cirurgia que o empres\u00e1rio Hugo realizou e oito dias ap\u00f3s a cirurgia ele afirma: &#8220;cada dia \u00e9 uma mudan\u00e7a dr\u00e1stica, nas horas seguintes da cirurgia eu n\u00e3o sentia mais nenhuma dor&#8221;. A falta de conhecimento ou o medo\n                      infundado faz com que a procura por um especialista seja tardia, quando o problema j\u00e1 est\u00e1 grave. &#8221;A dor \u00e9 um sinal de alerta, pode ser apenas uma dor lombar, mas \u00e0s vezes \u00e9 uma manifesta\u00e7\u00e3o de uma doen\u00e7a grave. O dentro de um hospital\n                      com descargas el\u00e9tricas ideal \u00e9 procurar ajuda m\u00e9dica sempre e n\u00e3o se nos nervos que duravam cerca de segundos automedicar&#8221;, alerta Perocco.<\/p>\n                  <\/div>\n                <\/div>\n              <\/div>\n            <\/div>\n          <\/div>\n          <div class=\"h-column h-column-container d-flex h-col-lg-auto h-col-md-auto h-col-auto style-317-outer style-local-432-c27-outer\">\n            <div data-colibri-id=\"432-c27\" class=\"d-flex h-flex-basis h-column__inner h-px-lg-2 h-px-md-2 h-px-2 v-inner-lg-2 v-inner-md-2 v-inner-2 style-317 style-local-432-c27 position-relative\">\n              <!---->\n              <!---->\n              <div class=\"w-100 h-y-container h-column__content h-column__v-align flex-basis-100 align-self-lg-start align-self-md-start align-self-start\">\n                <!---->\n                <div data-colibri-id=\"432-c31\" class=\"d-block style-321 style-local-432-c31 position-relative h-element\">\n                  <!---->\n                  <div class=\"h-image__frame-container-outer\">\n                    <div class=\"h-image__frame-container\">\n                      <!---->\n                      <!---->\n                      <img fetchpriority=\"high\" decoding=\"async\" width=\"507\" height=\"2457\" src=\"https:\/\/drperoccospine.com.br\/wp-content\/uploads\/2023\/12\/cropped-Bannerdescompressao-scaled-2.jpg\" class=\"wp-image-444 style-321-image style-local-432-c31-image\" alt=\"\" srcset=\"https:\/\/drperoccospine.com.br\/wp-content\/uploads\/2023\/12\/cropped-Bannerdescompressao-scaled-2.jpg 507w, https:\/\/drperoccospine.com.br\/wp-content\/uploads\/2023\/12\/cropped-Bannerdescompressao-scaled-2-62x300.jpg 62w, https:\/\/drperoccospine.com.br\/wp-content\/uploads\/2023\/12\/cropped-Bannerdescompressao-scaled-2-211x1024.jpg 211w, https:\/\/drperoccospine.com.br\/wp-content\/uploads\/2023\/12\/cropped-Bannerdescompressao-scaled-2-317x1536.jpg 317w\" sizes=\"(max-width: 507px) 100vw, 507px\" \/>\n                      <div class=\"h-image__frame h-hide-lg h-hide-md h-hide-sm style-321-frameImage style-local-432-c31-frameImage\"><\/div>\n                    <\/div>\n                  <\/div>\n                <\/div>\n                <div data-colibri-id=\"432-c35\" class=\"h-text h-text-component style-325 style-local-432-c35 position-relative h-element\">\n                  <!---->\n                  <!---->\n                  <div class=\"\">\n                    <p>\n                      <br>\n                    <\/p>\n                    <p>Dr. Marcelo Perocco<\/p>\n                    <p>Neurocirurgi\u00e3o especialista em microcirurgia de coluna<\/p>\n                  <\/div>\n                <\/div>\n              <\/div>\n            <\/div>\n          <\/div>\n        <\/div>\n      <\/div>\n    <\/div>\n  <\/div>\n  <div data-colibri-component=\"section\" data-colibri-id=\"432-c32\" id=\"custom-5\" class=\"h-section h-section-global-spacing d-flex align-items-lg-center align-items-md-center align-items-center style-322 style-local-432-c32 position-relative\">\n    <!---->\n    <!---->\n    <div class=\"h-section-grid-container h-section-boxed-container\">\n      <!---->\n      <div data-colibri-id=\"432-c33\" class=\"h-row-container gutters-row-lg-2 gutters-row-md-2 gutters-row-0 gutters-row-v-lg-2 gutters-row-v-md-2 gutters-row-v-2 style-323 style-local-432-c33 position-relative\">\n        <!---->\n        <div class=\"h-row justify-content-lg-center justify-content-md-center justify-content-center align-items-lg-stretch align-items-md-stretch align-items-stretch gutters-col-lg-2 gutters-col-md-2 gutters-col-0 gutters-col-v-lg-2 gutters-col-v-md-2 gutters-col-v-2\">\n          <!---->\n          <div class=\"h-column h-column-container d-flex h-col-lg-auto h-col-md-auto h-col-auto style-324-outer style-local-432-c34-outer\">\n            <div data-colibri-id=\"432-c34\" class=\"d-flex h-flex-basis h-column__inner h-ui-empty-state-container h-px-lg-2 h-px-md-2 h-px-2 v-inner-lg-2 v-inner-md-2 v-inner-2 style-324 style-local-432-c34 position-relative\">\n              <!---->\n              <!---->\n              <div class=\"w-100 h-y-container h-column__content h-column__v-align flex-basis-100\">\n                <!---->\n              <\/div>\n            <\/div>\n          <\/div>\n        <\/div>\n      <\/div>\n    <\/div>\n  <\/div>\n<\/div>","protected":false},"excerpt":{"rendered":"<p>S\u00c3O TIPOS DE CIRURGIAS REVOLUCION\u00c1RIAS &#8220;Eu estava pedindo para morrer, pois n\u00e3o aguentava mais a dor&#8221; declara paciente com h\u00e9rnia de disco na lombar antes de se submeter a cirurgia Doen\u00e7as cr\u00f4nicas na coluna cervical s\u00e3o as mais comuns no Brasil. Segundo dados da Organiza\u00e7\u00e3o Mundial de Sa\u00fade (OMS), 85% da popula\u00e7\u00e3o mundial sofre com [&hellip;]<\/p>\n","protected":false},"author":1,"featured_media":0,"parent":340,"menu_order":0,"comment_status":"closed","ping_status":"closed","template":"page-templates\/full-width-page.php","meta":{"footnotes":""},"class_list":["post-432","page","type-page","status-publish","hentry"],"_links":{"self":[{"href":"https:\/\/drperoccospine.com.br\/index.php\/wp-json\/wp\/v2\/pages\/432"}],"collection":[{"href":"https:\/\/drperoccospine.com.br\/index.php\/wp-json\/wp\/v2\/pages"}],"about":[{"href":"https:\/\/drperoccospine.com.br\/index.php\/wp-json\/wp\/v2\/types\/page"}],"author":[{"embeddable":true,"href":"https:\/\/drperoccospine.com.br\/index.php\/wp-json\/wp\/v2\/users\/1"}],"replies":[{"embeddable":true,"href":"https:\/\/drperoccospine.com.br\/index.php\/wp-json\/wp\/v2\/comments?post=432"}],"version-history":[{"count":5,"href":"https:\/\/drperoccospine.com.br\/index.php\/wp-json\/wp\/v2\/pages\/432\/revisions"}],"predecessor-version":[{"id":489,"href":"https:\/\/drperoccospine.com.br\/index.php\/wp-json\/wp\/v2\/pages\/432\/revisions\/489"}],"up":[{"embeddable":true,"href":"https:\/\/drperoccospine.com.br\/index.php\/wp-json\/wp\/v2\/pages\/340"}],"wp:attachment":[{"href":"https:\/\/drperoccospine.com.br\/index.php\/wp-json\/wp\/v2\/media?parent=432"}],"curies":[{"name":"wp","href":"https:\/\/api.w.org\/{rel}","templated":true}]}}